v + 4. Calculate the remainder when (58 - 2) + -1 - 2 is divided by y(z).
11
Suppose -3*u + 9 = -5*f - 4, -5*f = 4*u - 29. Let d = 7 - u. Let c(i) = -i**3 + 3*i**2 - 1. Calculate the remainder when c(2) is divided by d.
0
Suppose -l - 3*n = -16, 4*l = -0*l - 5*n + 43. Suppose -2*y - 41 = -4*m + 65, 3*m = 5*y + 76. What is the remainder when m is divided by l?
6
Suppose 1854*k = 1847*k + 70. Calculate the remainder when 647 is divided by k.
7
Let z = 34 + -31. Suppose 3*w = 3*p - 9, z*p - 2*w = -p + 16. Suppose 44 = -q + p*q. Calculate the remainder when 20 is divided by q.
9
Let h(t) = 21*t**2 + t**3 - 6 + 0*t**3 + 3*t - 47*t**2 + 20*t**2. Let v = -5 + 11. Calculate the remainder when 33 is divided by h(v).
9
Suppose -5 = 3*l + 2*g - 24, -2*g = -2*l + 16. Suppose l*i - 737 = 719. What is the remainder when i is divided by 53?
49
Let j = -518 + 807. Calculate the remainder when j is divided by 73.
70
Suppose -3*k + 220 = 2*k. Let s = 365 + -356. Calculate the remainder when k is divided by s.
8
Let o(f) = 3*f - 13. Calculate the remainder when (-40)/(-10) - 57/(-1) is divided by o(7).
5
Let s(m) = 17*m**2 - 81*m - 3. Let j be 0 + 1 + 0 + 62. Suppose 4 = t - j. What is the remainder when t is divided by s(5)?
16
What is the remainder when (-2)/(3/((-108)/8)) is divided by 2?
1
Suppose 0 = 21*m - 123 - 171. Calculate the remainder when 20 is divided by m.
6
Let v(f) = f**3 - 8*f**2 + 11*f - 9. Suppose 4*h + 18 = 3*q, -4 = -2*h + h + 5*q. What is the remainder when v(7) is divided by 13 + (-3)/(-6)*h?
9
Let o = -290 - -310. Let g(z) = 19*z + 2. Let a be g(2). Suppose -a = -3*f + 191. Calculate the remainder when f is divided by o.
17
Suppose -10*m + 95*m - 12325 = 0. What is the remainder when m is divided by 33?
13
What is the remainder when 10752/(-288)*102/(-8) is divided by 44?
36
Suppose -18 = -2*q - q. Let f be 3*(-3)/(-2) + 12/(-24). Suppose -4*w + f*h + 40 = 0, 5*w - 4*h - 58 = -10. Calculate the remainder when w is divided by q.
2
Suppose 0 = 4*b - 19 - 1. Suppose -2*v + 0 = -14. What is the remainder when v is divided by b?
2
Suppose 3*q + 2*g - 38 = -2, -4*q + 2*g = -62. What is the remainder when (14/6)/((-1)/(-9)) is divided by q?
7
What is the remainder when (-13488)/(-32) + -11 + 2/4 is divided by 41?
1
Let c(h) = -h**2 - 25*h + 165. Suppose 0 = -3*s - 0*s + 174. What is the remainder when s is divided by c(-30)?
13
Suppose 25*b = 27*b - 122. What is the remainder when 228 is divided by b?
45
Suppose 4*f - 14 = -6. Suppose -f*s + 5*a + 2 = 0, -3*s + 10 + 0 = -4*a. Suppose 510 = 22*d - 3*d - 41. Calculate the remainder when d is divided by s.
5
What is the remainder when (-2)/(-9) - 5536/(-36) is divided by 5?
4
Let d(q) = 12*q**2 - 2*q - 6. Let n be d(3). Suppose n*w + 265 = 101*w. Calculate the remainder when 154 is divided by w.
48
Suppose -3*j = 42 + 15. Let k be 7*1 + 16 + j. Suppose i + 33 = 4*a - k*i, i - 5 = -5*a. Calculate the remainder when 8 is divided by a.
0
Suppose -802 = -4*l + 4*z - 2*z, 4*l = z + 797. Calculate the remainder when l is divided by 32.
6
Let t(n) = -2*n**3 + 21*n**2 - 29*n - 1. Let p = -46 + 81. Calculate the remainder when t(7) is divided by p.
34
Let t = -329 - -855. Calculate the remainder when t is divided by 104.
6
Let j(c) be the second derivative of -c**5/20 + 5*c**4/6 - 5*c**3/3 + 5*c**2 - 20*c. What is the remainder when j(4) is divided by 18?
12
What is the remainder when 1/(-6) - 17/18*-69 is divided by 40?
25
Let r = 531 - 480. Calculate the remainder when 90 is divided by r.
39
Let c = -1351 - -1213. Let u(a) = -5*a**2 - 7*a - 4. Let y be u(-5). Let n = y - c. What is the remainder when n is divided by 15?
14
Suppose 0 = -65*j + 61*j - 8, g = 2*j + 17. What is the remainder when 103 is divided by g?
12
Let v(h) = h**3 - h**2 + 28. Let w be 0*((-5)/10 + 1). Calculate the remainder when 110 is divided by v(w).
26
Suppose 167 = 13*c + 115. What is the remainder when c is divided by 3?
1
Suppose 0 = 4*t - 21 - 27. What is the remainder when (4 + 0)/(-2) - -59 - -1 is divided by t?
10
Suppose 22*j = 281 + 709. Calculate the remainder when j is divided by 23.
22
Let d = 523 + -499. Calculate the remainder when 598 is divided by d.
22
Let j = 83 - 62. Calculate the remainder when 62 is divided by j.
20
Let m = 6742 - 6705. Let s be (-1)/((-3)/(-2))*3. What is the remainder when m is divided by 2 + (-38)/(-4 - s)?
16
Suppose 319*s = 314*s + 130. Calculate the remainder when s is divided by 24.
2
Suppose 5*s + 2*k - 603 = -233, 3*s - 4*k = 196. Suppose -61 = -2*a - a + 4*t, -4*a = -2*t - 68. Calculate the remainder when s is divided by a.
12
Suppose 5*n - 948 = -2*h, -4*n = 28*h - 32*h + 1896. Calculate the remainder when h is divided by 80.
74
Suppose -5*t + 871 + 874 = -5*p, -5*p + 373 = t. What is the remainder when t is divided by 12?
5
Suppose 0*k + 4*k = 5*n + 72, n = -3*k + 54. Let q = -12 + k. Suppose 8*l - 86 = q*l. Calculate the remainder when l is divided by 11.
10
Suppose 4*k + 10 - 68 = -2*w, 5*k - 3*w = 78. Suppose 4*z - 22 - 14 = 0. Calculate the remainder when k is divided by z.
6
Calculate the remainder when 7 is divided by (2/(-6))/(-5*3/135).
1
Let s = -206 + 235. Suppose 0*g = 3*g - 24. What is the remainder when s is divided by g?
5
Let g be 6/(-15) - (-69)/(-15). Let n(b) = b**2 + 5*b + 7. Calculate the remainder when n(g) is divided by 5.
2
Suppose 97*b - 544 = 93*b. Let m = b - 85. What is the remainder when m is divided by 9?
6
Let a be 3/(-6)*0*(-1)/(-2). Suppose -21 = -2*m - 3*q, a*q = q - 5. What is the remainder when 15 is divided by m?
0
Let a be (-21)/6 - (-1)/(-2). Let s = 0 - a. Suppose -7*b = -6 - 1. Calculate the remainder when s is divided by b.
0
Let h = -178 + 200. Let i(z) = 2*z**2 + 4*z + 2. Suppose 4 = -w + 1. Calculate the remainder when h is divided by i(w).
6
Suppose -s + 4*b - 19 = 19, -2*b = 4*s + 152. Let q = -27 - s. Suppose -j + 10 = -31. What is the remainder when j is divided by q?
8
Suppose 2*p = -4*d + 6*p + 100, 28 = d - 4*p. Let f = 1555 - 1541. Calculate the remainder when d is divided by f.
10
What is the remainder when 189 is divided by -3 - (20/5 - 19)?
9
Let r(c) = -6*c**3 + c**2 + 2*c - 3. Let x(u) = u**3 - u. Let j(s) = r(s) + 4*x(s). Calculate the remainder when j(-1) is divided by 2.
0
Let i = 229 - 157. Let x = i + -61. What is the remainder when 120 is divided by x?
10
Suppose 4*n = 9 + 23. Calculate the remainder when (n/6)/((-2)/(-75)) is divided by 13.
11
Let q = 61 + -14. Suppose p - 78 = -3*c, 2*p - 2*c - 19 = 177. Calculate the remainder when p is divided by q.
46
Let k = 836 + -542. Suppose -4*u + k - 58 = 0. Suppose -u + 5 = -2*t. What is the remainder when t is divided by 7?
6
Suppose 3*c - 342 + 270 = 0. What is the remainder when c is divided by (-2)/5 - 94/(-10)?
6
Let f(u) = -11*u - 83. What is the remainder when 13 is divided by f(-8)?
3
Let s = -1371 + 1484. Calculate the remainder when s is divided by 14.
1
Suppose s - 2*o = 25 + 11, 3*o = 3*s - 114. What is the remainder when 59 is divided by (18/15)/(3/s)?
11
Let y = 258 - 134. Calculate the remainder when y is divided by ((-252)/10)/2*140/(-42).
40
Let j = -210 + 227. Calculate the remainder when 83 is divided by j.
15
Let x = 4 + -4. What is the remainder when (-1 - (x + 0)) + 49 is divided by 10?
8
Let o = 144 + -87. Suppose u - 10 - 18 = 0. Suppose -4*z + 104 = z + w, 0 = -z - 2*w + u. Calculate the remainder when o is divided by z.
17
Suppose 209 = 4*z + 85. Let a(j) = 4*j - 8. Calculate the remainder when z is divided by a(4).
7
Let z(w) = 2*w**2 - 6*w - 5. What is the remainder when z(9) is divided by 15?
13
Suppose -5*j + 13 = 228. Suppose -302 = -5*m + 4*x, 3*m + 4*x = m + 132. Let w = m + j. What is the remainder when 55 is divided by w?
17
Suppose -r + 2472 - 96 = 4*y, y + 2*r = 594. Calculate the remainder when y is divided by 85.
84
Let l(v) = -v**3 - 5*v**2 + 16*v + 17. Let n be l(-7). Suppose 0 = n*r - 39 - 6. What is the remainder when 101 is divided by r?
11
Let l(y) = 2*y**3 - 11*y**2 + 25*y - 99. What is the remainder when l(8) is divided by 17?
13
Let z = 1614 + -1405. Calculate the remainder when z is divided by 55.
44
Let g(d) = 4*d**2 - 31*d + 74. What is the remainder when 550 is divided by g(5)?
18
Let p(j) = 58*j - 460. Suppose 150 = 6*